oes 139 divide 80424?
False
Is 61696 a multiple of 163?
False
Does 10 divide 8267?
False
Does 84 divide 33750?
False
Does 9 divide 32184?
True
Is 14 a factor of 3723?
False
Does 121 divide 52456?
False
Is 535 a multiple of 33?
False
Is 87 a factor of 5947?
False
Is 49300 a multiple of 27?
False
Is 112231 a multiple of 47?
False
Does 66 divide 914?
False
Does 3 divide 10152?
True
Does 15 divide 540?
True
Is 448 a multiple of 16?
True
Does 18 divide 42300?
True
Is 6080 a multiple of 95?
True
Does 27 divide 725?
False
Does 8 divide 4059?
False
Is 9 a factor of 720?
True
Does 12 divide 29335?
False
Is 82 a factor of 26054?
False
Is 419 a multiple of 32?
False
Is 17 a factor of 476?
True
Is 235 a multiple of 107?
False
Is 6 a factor of 242?
False
Does 31 divide 1902?
False
Does 11 divide 209?
True
Is 7 a factor of 1365?
True
Is 3196 a multiple of 10?
False
Does 3 divide 54?
True
Does 11 divide 24?
False
Is 46 a factor of 70058?
True
Is 9870 a multiple of 30?
True
Is 12773 a multiple of 53?
True
Is 38036 a multiple of 8?
False
Is 390 a multiple of 26?
True
Is 276 a multiple of 4?
True
Is 48 a factor of 1056?
True
Is 44 a factor of 234?
False
Does 51 divide 270?
False
Does 37 divide 814?
True
Does 23 divide 17457?
True
Is 9 a factor of 22527?
True
Is 98581 a multiple of 19?
False
Is 68 a multiple of 4?
True
Is 24 a factor of 4104?
True
Does 277 divide 31740?
False
Is 224 a multiple of 13?
False
Is 985 a multiple of 73?
False
Does 54 divide 10584?
True
Is 9400 a multiple of 8?
True
Does 13 divide 4693?
True
Does 7 divide 3670?
False
Does 84 divide 4249?
False
Does 14 divide 32312?
True
Does 97 divide 22698?
True
Is 11160 a multiple of 45?
True
Does 67 divide 40731?
False
Is 53 a factor of 318?
True
Is 48434 a multiple of 166?
False
Is 62045 a multiple of 11?
False
Does 35 divide 455?
True
Is 48 a factor of 3792?
True
Is 8 a factor of 1888?
True
Does 15 divide 615?
True
Is 308 a multiple of 7?
True
Is 129540 a multiple of 170?
True
Is 47 a factor of 7119?
False
Is 4 a factor of 4834?
False
Is 44 a factor of 3623?
False
Does 21 divide 12516?
True
Does 9 divide 52?
False
Does 7 divide 2077?
False
Is 17 a factor of 2008?
False
Does 18 divide 360?
True
Is 17 a factor of 374?
True
Is 360 a multiple of 40?
True
Is 42 a factor of 350?
False
Is 108 a factor of 3888?
True
Is 168 a factor of 75432?
True
Does 11 divide 6835?
False
Does 32 divide 697?
False
Is 2021 a multiple of 78?
False
Is 16 a factor of 22176?
True
Does 11 divide 2464?
True
Does 10 divide 6260?
True
Does 60 divide 777?
False
Is 66 a multiple of 3?
True
Is 10 a factor of 15280?
True
Is 857 a multiple of 2?
False
Is 971 a multiple of 9?
False
Is 38 a factor of 456?
True
Is 154 a multiple of 2?
True
Does 22 divide 20966?
True
Does 41 divide 533?
True
Is 283 a factor of 81787?
True
Is 12 a factor of 152352?
True
Does 21 divide 11613?
True
Is 27 a factor of 584?
False
Does 34 divide 7166?
False
Does 12 divide 685?
False
Does 19 divide 13677?
False
Is 2 a factor of 1252?
True
Is 1002 a multiple of 16?
False
Is 47 a factor of 12408?
True
Does 24 divide 13643?
False
Is 3904 a multiple of 96?
False
Is 49 a factor of 15235?
False
Is 34887 a multiple of 79?
False
Is 20 a factor of 14240?
True
Is 1255 a multiple of 34?
False
Does 15 divide 2566?
False
Does 35 divide 5950?
True
Is 1028 a multiple of 4?
True
Is 151 a factor of 1208?
True
Is 60606 a multiple of 91?
True
Is 139 a multiple of 37?
False
Does 74 divide 8362?
True
Does 12 divide 240?
True
Is 1590 a multiple of 53?
True
Is 185 a multiple of 8?
False
Does 10 divide 1508?
False
Is 12 a factor of 2041?
False
Does 4 divide 1802?
False
Is 496 a multiple of 16?
True
Does 45 divide 172?
False
Does 4 divide 2676?
True
Is 29 a factor of 10904?
True
Does 27 divide 837?
True
Does 5 divide 867?
False
Is 3740 a multiple of 17?
True
Is 273 a multiple of 13?
True
Does 109 divide 4652?
False
Is 40 a factor of 120?
True
Is 12240 a multiple of 15?
True
Is 34 a factor of 952?
True
Is 36 a factor of 9509?
False
Is 4416 a multiple of 32?
True
Is 170 a multiple of 85?
True
Does 11 divide 43978?
True
Is 3 a factor of 1851?
True
Is 24 a factor of 44498?
False
Is 472 a multiple of 26?
False
Is 429 a multiple of 39?
True
Is 13 a factor of 25736?
False
Does 43 divide 1402?
False
Is 1578 a multiple of 6?
True
Does 3 divide 26389?
False
Is 26 a factor of 13000?
True
Does 5 divide 860?
True
Is 15696 a multiple of 18?
True
Is 2 a factor of 2978?
True
Is 128 a factor of 9984?
True
Is 333 a factor of 22699?
False
Is 3967 a multiple of 17?
False
Is 350 a factor of 41300?
True
Is 33 a factor of 693?
True
Is 35671 a multiple of 39?
False
Is 74 a multiple of 74?
True
Is 4 a factor of 240?
True
Does 30 divide 187?
False
Is 152 a factor of 19000?
True
Is 2940 a multiple of 21?
True
Is 17 a factor of 1303?
False
Is 15 a factor of 4817?
False
Is 10 a factor of 210?
True
Is 20 a factor of 1075?
False
Is 13 a factor of 4710?
False
Is 78 a factor of 1560?
True
Is 150 a factor of 26201?
False
Is 558 a multiple of 93?
True
Does 2 divide 254?
True
Is 11178 a multiple of 27?
True
Does 135 divide 503?
False
Is 13 a factor of 31542?
False
Is 35133 a multiple of 147?
True
Does 5 divide 14842?
False
Is 59 a factor of 798?
False
Is 2424 a multiple of 24?
True
Is 264 a multiple of 4?
True
Is 85 a multiple of 17?
True
Is 29 a factor of 4147?
True
Is 8 a factor of 378?
False
Does 15 divide 50490?
True
Does 30 divide 8224?
False
Does 19 divide 4199?
True
Is 35 a factor of 20580?
True
Is 1944 a multiple of 24?
True
Does 133 divide 29456?
False
Is 22 a factor of 924?
True
Is 597 a multiple of 45?
False
Is 53 a factor of 2279?
True
Is 21 a factor of 651?
True
Is 15158 a multiple of 22?
True
Is 8 a factor of 1373?
False
Is 7 a factor of 829?
False
Is 2 a factor of 401?
False
Is 308 a multiple of 5?
False
Is 34 a factor of 680?
True
Does 10 divide 577?
False
Does 33 divide 1343?
False
Is 10 a factor of 240?
True
Is 8 a factor of 2424?
True
Does 9 divide 2492?
False
Is 645 a multiple of 2?
False
Does 42 divide 444?
False
Is 47 a factor of 7087?
False
Is 1176 a multiple of 56?
True
Is 107 even?
False
Does 13 divide 789?
False
Is 11977 a multiple of 13?
False
Does 3 divide 68?
False
Is 11 a factor of 25432?
True
Does 28 divide 6888?
True
Is 17 a factor of 136?
True
Is 9114 a multiple of 147?
True
Is 45 a factor of 1350?
True
Does 3 divide 912?
True
Is 18 a factor of 491?
False
Is 2415 a multiple of 15?
True
Is 8 a factor of 45884?
False
Is 1204 a multiple of 28?
True
Is 2 a factor of 1152?
True
Does 16 divide 3553?
False
Does 70 divide 116941?
False
Is 25 a factor of 11683?
False
Does 8 divide 1630?
False
Is 13 a factor of 25152?
False
Does 26 divide 3562?
True
Is 208 a multiple of 16?
True
Is 13552 a multiple of 77?
True
Is 16 a factor of 944?
True
Is 14 a factor of 6594?
True
Is 6 a factor of 1902?
True
Is 7333 a multiple of 3?
False
Is 1993 a multiple of 26?
False
Does 38 divide 10720?
False
Does 109 divide 23867?
False
Does 28 divide 2184?
True
Does 13 divide 256?
False
Does 142 divide 5112?
True
Is 13 a factor of 598?
True
Does 31 divide 2321?
False
Is 1313 a multiple of 34?
False
Is 169 a multiple of 12?
False
Does 12 divide 293?
False
Is 61 a factor of 8052?
True
Is 6167 a multiple of 3?
False
Is 5 a factor of 306?
False
Is 85914 a multiple of 54?
True
Is 66 a factor of 582?
False
Is 9 a factor of 564?
False
Is 35 a multiple of 35?
True
Is 78 even?
True
Is 26 a factor of 4420?
True
Is 2346 a multiple of 17?
True
Is 105 a factor of 525?
True
Does 130 divide 15470?
True
Is 7 a factor of 214?
False
Is 64 a factor of 10368?
True
Is 214 a factor of 2758?
False
Is 12496 a multiple of 27?
False
Is 638 a multiple of 11?
True
Is 903 a multiple of 9?
False
Is 19 a factor of 5111?
True
Does 118 divide 8968?
True
Is 15 a factor of 1995?
True
Does 34 divide 2142?
True
Is 41 a factor of 605?
False
Does 69 divide 3450?
True
Is 4542 a multiple of 57?
False
Does 30 divide 17321?
False
Is 3360 a multiple of 48?
True
Does 17 divide 1666?
True
Is 452 a multiple of 15?
False
Is 37 a factor of 74?
True
Is 9 a factor of 360?
True
Does 209 divide 19855?
True
Is 237 a factor of 35076?
True
Is 95 a factor of 17765?
True
Is 314 a multiple of 20?
False
Does 39 divide 20099?
False
Does 15 divide 5938?
False
Is 28747 a multiple o